 composite?
True
Suppose -702*j + 662*j = -62708920. Is j composite?
True
Suppose 5*s - 5*i = -1515, i = -s - 2*i - 291. Let x = s - -333. Is x a composite number?
True
Suppose 31*f - 92367 - 803621 = 1563335. Is f a composite number?
False
Let p(g) = 2*g**2 + 24*g + 30. Let q be p(-11). Suppose -4*l - 5*w + q = -l, -3*w + 4 = 2*l. Is -54*15/l - 1/(-2) a composite number?
True
Let a(q) = q**3 + 3*q**2 - 2*q + 10. Let g be a(-4). Suppose -g*n + 1344 = m, -4*m - 2*n = -0*m - 5376. Let y = 2467 - m. Is y a prime number?
True
Suppose -5*j = -25, -5*j + 13 = -4*m - 0*j. Let b be (-57939)/(-35) + 8/(-20). Suppose m*l = 8*l - b. Is l prime?
True
Let d be 5 - (-182926 + 0 - 3). Suppose 3*f = -4*a - d, -3*f + 91458 = 3*a - 5*a. Is (3 - (-46)/(-14)) + a/(-28) prime?
False
Let q(t) = -383*t + 71. Let s be q(-25). Let w = -6707 + s. Is w prime?
True
Let r(j) = -j**3 - 4*j**2 + 32*j + 16. Let a be r(-8). Suppose -2502 - 14378 = -a*l. Is l prime?
False
Let c = 254842 + -16089. Is c a composite number?
True
Let r(b) = -b**2 - 4*b - 6. Let q be r(4). Let p = q + 31. Let c = p + 1644. Is c a composite number?
False
Let z(l) = l**3 - 6*l**2 + 8*l + 52. Let i be 9 + (8 - -1) + 1 + 0. Is z(i) a composite number?
True
Let q be -6*18*3/12. Let r = 31 + q. Suppose r*d + 5*p = 3*p + 150, 4*d - p - 147 = 0. Is d prime?
True
Suppose 4*g - 999507 = -5*u + 2*u, -g = 0. Is u a composite number?
True
Suppose -156230 = -4*r - t + 169371, -4*r + 4*t = -325616. Is r prime?
True
Let j(t) be the second derivative of -t**5/10 - 3*t**4/2 - t**3 - 13*t**2/2 - 52*t. Is j(-10) a prime number?
False
Let v(i) be the first derivative of 7*i**5/60 - i**4/4 - 5*i**3/6 - 5*i**2/2 - 4. Let m(d) be the second derivative of v(d). Is m(8) a composite number?
True
Let r(i) = -i**3 - 16*i**2 - 29*i - 9. Let b = 80 - 94. Let p be r(b). Suppose p*k - 495 = -4*k. Is k a prime number?
False
Suppose 4*q + 0*q = 20. Let f(s) = q*s**2 - 2*s - 34 + s**2 + 44 - 27. Is f(-6) composite?
False
Let n be ((-6503)/7)/(-5 - -6). Let v be 2*-1*8569/(-11). Let w = n + v. Is w prime?
False
Is 11 + (8 - -1 - -41313) composite?
False
Let f = 842367 - -1087270. Is f composite?
False
Suppose 4*z + 30373 = f, 8*z - 12*z = 4*f - 121612. Is f a composite number?
True
Let a(y) be the second derivative of 113*y**4/12 + 7*y**3/2 + 3*y**2/2 + 7*y + 1. Is a(5) a composite number?
True
Let n = 149 - 161. Is ((-46984)/n)/(33/9 + -3) a prime number?
False
Let q = 10089 - 5891. Let c = q + 12475. Is c composite?
False
Let s(l) = -7*l**2 + 17*l - 35. Let k be s(6). Let x = 2358 - k. Is x composite?
False
Suppose 4*i - 4756804 = 16*w, 6*i - 2*w + 1189219 = 7*i. Is i a prime number?
True
Let n = -26434 - -73281. Is n a composite number?
True
Let t(g) = 654*g + 28. Let m = 26 - 16. Let n be t(m). Let b = n - 2415. Is b prime?
True
Let m(r) = 259*r**2 + 3*r + 99. Is m(7) composite?
True
Let v(n) = n**2 - 10*n + 7. Let s be v(7). Let g(c) = -2*c**2 + 11*c + 104. Let q be g(0). Is (q/s)/(5/(-35)*2) a prime number?
False
Suppose 3*k - 2*y - 7 = 6, -6 = -k - y. Suppose -k*b = -0*b - 10. Suppose 5*z - 1977 = b*s, -4*z - 2*s + 1973 = z. Is z prime?
False
Is (-483)/(-252) + -2 + 2/((-48)/(-2119706)) a composite number?
False
Let u = 586 - 353. Let a = u - -1152. Suppose r = a + 1118. Is r a composite number?
False
Let k(q) = -6*q - 6. Let z be k(-2). Suppose -v + z + 2 = 0. Suppose -v*j + 2132 = -4*j. Is j prime?
False
Suppose -254 = -5*z + 2*g + 269, 3*z + g = 305. Suppose -107 - z = 6*r. Let i = r - -714. Is i composite?
True
Let h be (-6)/(-4)*4*1/(-1). Let w(t) = -6*t**3 - 9*t**2 - 6*t - 11. Let r be w(h). Suppose -r = 4*c - 3161. Is c a prime number?
True
Let l = 111 + -103. Is ((-10312)/20)/(9/((-540)/l)) a prime number?
False
Is 7336173/312 + 4 + 1*(-70)/16 prime?
False
Let h = -15919 - -29088. Is h prime?
False
Suppose 6*p = 21 - 9. Let n be (16 + -13)*(-4 + p). Let b(h) = 13*h**2 + h - 13. Is b(n) composite?
False
Let z(v) = 18*v + 16. Let q be z(-4). Let c = -52 - q. Let n(t) = 20*t**3 - 3*t**2 - 12*t + 9. Is n(c) composite?
False
Suppose -13*m + 110*m = 12319. Is m composite?
False
Let k = -232386 + 398467. Is k a composite number?
False
Let v(p) = 16*p**3 - 3*p**2 + 3*p - 1. Let u be v(1). Let y be -5*(-5)/u*3. Suppose -y*j + 3*j = -1838. Is j composite?
False
Is (-539899)/(-1) - (-123 - -101) a prime number?
True
Let p = -616996 - -1123959. Is p a prime number?
True
Let x(l) = -1464*l + 65. Suppose 43 = -4*t - 3*f, -4*t = -2*f + 21 - 3. Is x(t) prime?
True
Let t(w) = 203432*w**2 + 40*w + 21. Is t(-1) a composite number?
True
Suppose 2*q = 3*h - 27 - 1, 5*h - 48 = 2*q. Let v(u) = 222*u - 22. Let a be v(h). Suppose 2*n = 7828 - a. Is n prime?
False
Let q = -41186 - -69171. Is q/20 - (-1)/(-4) prime?
True
Suppose -2*g - 2843 = 2177. Let h be 1/2 + 35787/6. Let l = h + g. Is l a prime number?
False
Suppose 8 = h - b, -4*b - b + 5 = 0. Let w be 9/(4 + -1) + h*-1. Is (1/(-3) - -1)/(w/(-21015)) a composite number?
True
Suppose 0 = 2*z + u + 77579, 2*u = -2*u - 12. Let r be 3/(-12) - z/16. Let d = r + -1469. Is d a composite number?
True
Is (-543614)/(-4)*232/116 a composite number?
False
Let z be (4 - 2) + -17 + 11. Is z/(32/(-6)) + (-135220)/(-80) a prime number?
False
Let i(t) = -t**3 + 13. Let v be i(0). Suppose 0 = -h - 3 - v. Is (4/h)/((-3)/5844) a prime number?
True
Let v = -24403 + 261984. Is v composite?
False
Suppose 13 = 2*v + 9. Suppose -4*y - 19756 = f, 0*f + v*f = -5*y - 24695. Let z = 8630 + y. Is z a prime number?
True
Let o = -160208 + 235363. Is o a prime number?
False
Let t be (-8)/120*-5 + 9302/(-6). Suppose -2720 = 2*h - 882. Let q = h - t. Is q prime?
True
Suppose 34 = 10*w - 8*w. Suppose 0 = -w*k + 72183 + 16540. Is k composite?
True
Let i(m) = 66*m**3 - 5*m**2 + 5*m - 18. Let l be i(6). Let v = -9859 + l. Is v a composite number?
False
Let y be (7/(21/(-117)) + -6)/(-1). Is (-6)/y + -1*(-565341)/45 composite?
True
Suppose -3*t - 10001108 = -5*z - 448877, 5*t = -2*z + 3820942. Is z composite?
True
Suppose 5*a - 31372 = -3*l + 7*a, -l + 3*a + 10455 = 0. Suppose 3*u + 3*p = l, 17445 = 4*u + u + 2*p. Is u composite?
False
Let b be ((-1)/(-1))/((-8690)/2897 + 3). Suppose 3*q = -a - 449 + b, -a + 4078 = 5*q. Is q a prime number?
False
Let d(a) = -1304*a**3 - 6*a**2 - 53*a - 324. Is d(-13) prime?
False
Let h = 3425 - 1983. Let w = -279 + h. Is w composite?
False
Let i be (-12)/(-20) - 149024/(-10). Suppose -21*g + 23*g = 0, i = d + 5*g. Is d prime?
False
Let x(k) = -11*k**3 - 15*k**2 + 18*k + 9. Let u(h) = -h**3 - h**2 + h + 1. Let o(r) = -5*u(r) + x(r). Is o(-11) prime?
True
Let v(a) = -220*a - 47. Let w(c) = 223*c + 46. Let p(i) = -3*v(i) - 2*w(i). Is p(3) a composite number?
False
Let k(c) = -c**3 + c**2 - 6353. Let o be k(0). Let u = 0 - o. Is u a prime number?
True
Let n(y) = 86*y**2 + 73*y**2 + 25 - y**3 - 127*y**2 + 57*y. Is n(27) prime?
True
Let h = 2548 + -1492. Let w(n) = 9*n**2 - 2*n - 1. Let o be w(8). Let a = h - o. Is a a composite number?
True
Let z = -136 + 134. Is z + 2100 - 3/(1 - 4) a composite number?
False
Suppose -17*v + 7*v - 11310 = 0. Let k = -824 - v. Is k composite?
False
Suppose 102*o - 4566377 = 12286981. Is o a prime number?
True
Let o be 36/15 + (-2 - 8/(-5)). Let z be o + 27317 + 5 - 3. Is (0 - (-3)/1)*z/9 a prime number?
False
Let c(n) = 477*n**2 + 14*n - 15. Let t be c(7). Suppose 4*q + 0*q + t = 0. Is 5 - (-5)/((-20)/q) a prime number?
True
Suppose -4*v + 862339 = 5*b, 35*b - 32*b = 4*v - 862379. Is v prime?
False
Let k = 10208 + -832. Suppose 23452 = 5*h + v, 7*h - k = 5*h - 2*v. Is h a composite number?
False
Let t(v) = v**3 - 6*v**2 + 4*v + 9. Suppose 0 = 2*k + 17 - 27. Let p be t(k). Is ((-47)/3)/(p/(-12)) prime?
True
Suppose -t = -0*t - 137244. Suppose 34*u = 30*u - 8. Is u/11 + (t/44 - 0) composite?
False
Let c = -64 + 32. Let n = c + 35. Is (n/(-6))/((-6)/3684) prime?
True
Is (35/(-14))/((-330)/54183228) composite?
True
Let z(w) = 2*w**2 + w. Let t(f) = 3*f**3 + 12*f**2 + 13. Let r(s) = -t(s) + 5*z(s). Is r(-11) a prime number?
False
Let a be (705/65 - 1) + 4/26. Let j(d) = 3*d**3 - 3*d**2 + 2*d - 5. Let h be j(a). Let o = h + 506. Is o composite?
False
Suppose -5 = -v - 2. Suppose -v*y - 8702 = -3*u - 1151, -10071 = -4*u + 3*y. Suppose u = 3*p - 69. Is p a prime number?
T